
3, 5, 1187
List the prime factors of 302.
2, 151
What are the prime factors of 6250?
2, 5
List the prime factors of 10840.
2, 5, 271
What are the prime factors of 23?
23
What are the prime factors of 230?
2, 5, 23
What are the prime factors of 410?
2, 5, 41
What are the prime factors of 26500?
2, 5, 53
What are the prime factors of 37722?
2, 3, 6287
What are the prime factors of 50431?
29, 37, 47
List the prime factors of 7622.
2, 37, 103
What are the prime factors of 11026?
2, 37, 149
List the prime factors of 4328.
2, 541
List the prime factors of 28776.
2, 3, 11, 109
List the prime factors of 7403.
11, 673
List the prime factors of 75326.
2, 37663
What are the prime factors of 38045?
5, 7, 1087
What are the prime factors of 3554?
2, 1777
What are the prime factors of 28233?
3, 3137
List the prime factors of 48372.
2, 3, 29, 139
List the prime factors of 379.
379
What are the prime factors of 1100?
2, 5, 11
List the prime factors of 1736.
2, 7, 31
What are the prime factors of 11559?
3, 3853
What are the prime factors of 1324?
2, 331
What are the prime factors of 117309?
3, 39103
List the prime factors of 9623.
9623
List the prime factors of 87474.
2, 3, 61, 239
List the prime factors of 754.
2, 13, 29
What are the prime factors of 2957?
2957
What are the prime factors of 9334?
2, 13, 359
What are the prime factors of 78625?
5, 17, 37
List the prime factors of 269.
269
List the prime factors of 18259.
19, 31
What are the prime factors of 22755?
3, 5, 37, 41
List the prime factors of 1650.
2, 3, 5, 11
List the prime factors of 20802.
2, 3, 3467
List the prime factors of 31058.
2, 53, 293
List the prime factors of 2679.
3, 19, 47
List the prime factors of 3742.
2, 1871
List the prime factors of 261.
3, 29
List the prime factors of 11.
11
List the prime factors of 12233.
13, 941
What are the prime factors of 7967?
31, 257
What are the prime factors of 2839?
17, 167
List the prime factors of 157941.
3, 7, 23, 109
What are the prime factors of 11850?
2, 3, 5, 79
What are the prime factors of 387?
3, 43
What are the prime factors of 56?
2, 7
List the prime factors of 2156.
2, 7, 11
List the prime factors of 17930.
2, 5, 11, 163
List the prime factors of 713.
23, 31
List the prime factors of 7420.
2, 5, 7, 53
What are the prime factors of 171517?
171517
List the prime factors of 6096.
2, 3, 127
What are the prime factors of 19604?
2, 13, 29
List the prime factors of 18661.
18661
What are the prime factors of 38840?
2, 5, 971
List the prime factors of 566.
2, 283
List the prime factors of 2541.
3, 7, 11
List the prime factors of 2047.
23, 89
List the prime factors of 2122.
2, 1061
List the prime factors of 8860.
2, 5, 443
What are the prime factors of 2566?
2, 1283
What are the prime factors of 119485?
5, 23, 1039
List the prime factors of 2418.
2, 3, 13, 31
List the prime factors of 5362.
2, 7, 383
List the prime factors of 4350.
2, 3, 5, 29
What are the prime factors of 74556?
2, 3, 19, 109
What are the prime factors of 882?
2, 3, 7
List the prime factors of 83880.
2, 3, 5, 233
List the prime factors of 2230.
2, 5, 223
List the prime factors of 971.
971
What are the prime factors of 3636?
2, 3, 101
List the prime factors of 770.
2, 5, 7, 11
What are the prime factors of 13958?
2, 7, 997
What are the prime factors of 460?
2, 5, 23
What are the prime factors of 20711?
139, 149
What are the prime factors of 3949?
11, 359
List the prime factors of 15776.
2, 17, 29
What are the prime factors of 19925?
5, 797
List the prime factors of 508.
2, 127
List the prime factors of 104082.
2, 3, 11, 19, 83
What are the prime factors of 3894?
2, 3, 11, 59
List the prime factors of 64494.
2, 3, 3583
List the prime factors of 1158.
2, 3, 193
List the prime factors of 5310.
2, 3, 5, 59
List the prime factors of 3442.
2, 1721
What are the prime factors of 4245?
3, 5, 283
List the prime factors of 5994.
2, 3, 37
List the prime factors of 4287.
3, 1429
What are the prime factors of 18983?
41, 463
What are the prime factors of 7577?
7577
List the prime factors of 1177.
11, 107
List the prime factors of 1910.
2, 5, 191
List the prime factors of 62329.
157, 397
List the prime factors of 559.
13, 43
List the prime factors of 127658.
2, 29, 31, 71
List the prime factors of 41042.
2, 20521
List the prime factors of 4949.
7, 101
What are the prime factors of 51636?
2, 3, 13, 331
List the prime factors of 4817.
4817
What are the prime factors of 62139?
3, 7, 11, 269
What are the prime factors of 176464?
2, 41, 269
What are the prime factors of 13280?
2, 5, 83
What are the prime factors of 7422?
2, 3, 1237
List the prime factors of 10646.
2, 5323
What are the prime factors of 724?
2, 181
What are the prime factors of 13087?
23, 569
What are the prime factors of 459?
3, 17
What are the prime factors of 90784?
2, 2837
List the prime factors of 8491.
7, 1213
What are the prime factors of 5136?
2, 3, 107
What are the prime factors of 11690?
2, 5, 7, 167
List the prime factors of 1724.
2, 431
List the prime factors of 4752.
2, 3, 11
What are the prime factors of 45417?
3, 15139
List the prime factors of 679.
7, 97
What are the prime factors of 2033?
19, 107
What are the prime factors of 51772?
2, 7, 43
List the prime factors of 459.
3, 17
List the prime factors of 26022.
2, 3, 4337
What are the prime factors of 2811?
3, 937
What are the prime factors of 8301?
3, 2767
List the prime factors of 174.
2, 3, 29
List the prime factors of 441.
3, 7
What are the prime factors of 317?
317
List the prime factors of 841.
29
List the prime factors of 1863.
3, 23
What are the prime factors of 16520?
2, 5, 7, 59
What are the prime factors of 13867?
7, 283
List the prime factors of 55609.
55609
List the prime factors of 847.
7, 11
List the prime factors of 1074.
2, 3, 179
List the prime factors of 751.
751
List the prime factors of 100365.
3, 5, 6691
What are the prime factors of 2532?
2, 3, 211
What are the prime factors of 4564?
2, 7, 163
List the prime factors of 61864.
2, 11, 19, 37
What are the prime factors of 7444?
2, 1861
What are the prime factors of 40600?
2, 5, 7, 29
List the prime factors of 12128.
2, 379
List the prime factors of 29249.
11, 2659
List the prime factors of 4459.
7, 13
List the prime factors of 395.
5, 79
List the prime factors of 36620.
2, 5, 1831
What are the prime factors of 4036?
2, 1009
What are the prime factors of 2889?
3, 107
What are the prime factors of 5873?
7, 839
List the prime factors of 1781.
13, 137
List the prime factors of 139476.
2, 3, 59, 197
List the prime factors of 1113.
3, 7, 53
List the prime factors of 1753.
1753
List the prime factors of 20478.
2, 3, 3413
List the prime factors of 1247.
29, 43
List the prime factors of 18048.
2, 3, 47
What are the prime factors of 41849?
41849
What are the prime factors of 204?
2, 3, 17
List the prime factors of 979.
11, 89
List the prime factors of 54495.
3, 5, 7, 173
List the prime factors of 2914.
2, 31, 47
List the prime factors of 2218.
2, 1109
List the prime factors of 47406.
2, 3, 7901
What are the prime factors of 96465?
3, 5, 59, 109
List the prime factors of 5673.
3, 31, 61
List the prime factors of 6850.
2, 5, 137
List the prime factors of 1578.
2, 3, 263
List the prime factors of 655.
5, 131
What are the prime factors of 401?
401
What are the prime factors of 4366?
2, 37, 59
What are the prime factors of 2565?
3, 5, 19
List the prime factors of 5926.
2, 2963
What are the prime factors of 47906?
2, 17, 1409
What are the prime factors of 1055?
5, 211
List the prime factors of 9341.
9341
List the prime factors of 1474.
2, 11, 67
What are the prime factors of 19513?
13, 19, 79
List the prime factors of 29824.
2, 233
What are the prime factors of 3524?
2, 881
List the prime factors of 3413.
3413
List the prime factors of 3513.
3, 1171
List the prime factors of 5784.
2, 3, 241
List the prime factors of 1450.
2, 5, 29
List the prime factors of 433.
433
What are the prime factors of 9345?
3, 5, 7, 89
What are the prime factors of 2930?
2, 5, 293
List the prime factors of 32780.
2, 5, 11, 149
What are the prime factors of 1439?
1439
List the prime factors of 20584.
2, 31, 83
List the prime factors of 5168.
2, 17, 19
What are the prime factors of 118250?
2, 5, 11, 43
List the prime factors of 212.
2, 53
